. Suppose -b - g*w - 28 = -5*b, -5*w = n. What is the units digit of b?
5
Suppose 4*a + 3*r - 43 = 0, -2*a = a - 3*r - 48. Let v = 21 - 23. Let b = a + v. What is the units digit of b?
1
Suppose -4*a = -3*a. Let g = a - -2. Suppose g = -5*k + 7. What is the units digit of k?
1
What is the units digit of (-8)/6*(11 - 14)?
4
Let g = -7 + 57. What is the tens digit of g?
5
Let f(d) = -13*d + 2. What is the units digit of f(-7)?
3
Let z(n) = 2*n**3 - n**2 + n - 1. Let i be 24/(-40) + 16/10. What is the units digit of z(i)?
1
Let q(u) be the second derivative of -u**6/720 + u**4/4 + 2*u. Let d(s) be the third derivative of q(s). What is the units digit of d(-1)?
1
Suppose 6 = 5*c + x, 5*c + 11 - 1 = -5*x. Suppose 9 = h - c*h. What is the units digit of (-4)/12 + (-39)/h?
4
Suppose -30 = -3*c - 0. Let w be c/2 - (1 - -1). Suppose 3*j - w - 6 = 0. What is the units digit of j?
3
Let x be (-10)/3*6/(-4). Let q = 7 - x. Suppose q*n - 7 = -1. What is the units digit of n?
3
Suppose 5*t = -y + 11, 5*t = 2*y - y - 11. What is the tens digit of y?
1
Suppose 0 = n + n - 2. Let a = n - -4. What is the units digit of a?
5
Let u(c) be the second derivative of c**3/2 - 9*c**2/2 - 2*c. What is the tens digit of u(7)?
1
Suppose -57 = -5*l - 2*h - 2*h, -6 = -2*h. Suppose -2*v - 2*b - 2*b - 4 = 0, b - l = -3*v. What is the units digit of v?
4
Let f(s) = 4*s**2 - s. Let d be -1*(2 - (-6)/(-2)). What is the units digit of f(d)?
3
Suppose 4*h - 3*h - 2 = 0. What is the units digit of 416/24 + h/3?
8
Let a = -25 + 83. What is the tens digit of a?
5
Let f = 7 + 2. Let k(n) = -n**2 + n + 1. Let w(m) = -5*m**2 - 3*m + 14. Let c(l) = -6*k(l) + w(l). What is the units digit of c(f)?
8
Suppose -3*h + 22 - 1 = 3*y, -5*h + y = -11. What is the units digit of h?
3
Suppose -3 = -3*z - 0. What is the units digit of z?
1
Suppose -5*x - 1 = -6*x. What is the units digit of (3 - x) + -1 + 1?
2
Suppose -2*m = 2*m - 280. What is the tens digit of m?
7
What is the tens digit of 101 - (0 - (-2 - -4))?
0
Let p(c) = -8*c + 30. What is the hundreds digit of p(-14)?
1
Let n(d) be the third derivative of -3*d**5/20 - d**4/6 + d**3/6 + d**2. Let w be n(-3). What is the units digit of w/(-20) - 2/5?
3
Let u(w) = w**2 + 2*w - 19. What is the tens digit of u(7)?
4
Suppose 32 = -2*h - 2*h. Let t(c) = -c - 7. Let a be t(7). Let r = h - a. What is the units digit of r?
6
Suppose 3*o + 22 = -2*j + 6, 3*o - 4*j = -4. Let h be 35/(-10) + (-2)/o. Let k = h + 4. What is the units digit of k?
1
Suppose 4*d + 0*d - 3*n - 34 = 0, d - 5*n = 0. Let p = 15 - d. What is the units digit of p?
5
Suppose 5*i - 3*w = 1095, -949 + 281 = -3*i + 4*w. What is the hundreds digit of i?
2
Suppose 2 + 36 = 2*v. What is the units digit of v?
9
Let t = -3 - -12. Suppose -4 = 4*w - 20. Suppose -5*k + t = -w*k. What is the units digit of k?
9
Let d = -14 + 7. What is the tens digit of (1 - 34/14)*d?
1
Let j(s) = 14*s**3 - 3*s**2 + 35. Let y(p) = p**2 + 0*p**2 - 4*p**3 - 12 - p**3. Let r(z) = 6*j(z) + 17*y(z). What is the units digit of r(0)?
6
Let f(r) = 41*r**2 - 1. Let d be f(1). Let o = d - 21. What is the units digit of o?
9
Let t(v) = 11*v - 1. Suppose 0 = 4*g - 5*r + 4*r - 7, 3*g - 4*r - 15 = 0. What is the units digit of t(g)?
0
Let f(z) = -z**3 - 15*z**2 - 4*z - 15. Let o = 36 - 51. What is the units digit of f(o)?
5
What is the units digit of (-294)/(-10) - (-2)/(-5)?
9
Let o(s) = -s**3 + 3*s**2. Let a be o(3). Suppose -2*u - 2*u + 20 = a. What is the units digit of u?
5
Suppose 15 = 4*t + 2*y + 3*y, y = -5. What is the tens digit of t?
1
Suppose 40 = 6*d - 314. What is the units digit of d?
9
Suppose -x - 2*x + 6 = 0. Suppose -x*o + 12 = 2. Suppose 17 = 2*m + o. What is the units digit of m?
6
Let i(b) = 2*b + 8. Let s be i(12). Suppose 0*l = -4*l + s. Let o = l - 7. What is the units digit of o?
1
Let p(b) = -b**2 + 5*b + 1. Let t be p(4). Suppose -t*y + 71 = 11. Let j = 20 - y. What is the units digit of j?
8
Let p = 13 - -18. Let h = -17 + p. What is the tens digit of h?
1
Let u(m) = -6*m + 5. What is the tens digit of u(-5)?
3
Let y be 8/3*(-63)/14. What is the units digit of ((-4)/y)/(3/18)?
2
Let j(b) = -5*b**3 - 11*b**2 - b + 13. Let f(y) = -4*y**3 - 10*y**2 - y + 12. Let o(x) = 6*f(x) - 5*j(x). What is the units digit of o(5)?
2
Suppose 2*u = 5*u - 6. Let h be 3/6*6 + -3. Suppose -u*m + 12 = -h*m. What is the units digit of m?
6
Suppose a = -a. Suppose 48 = 4*p - a*p. Let y = 21 - p. What is the units digit of y?
9
Let l(m) = -m - 4. Let d be l(-5). Let s = d - -38. What is the tens digit of s?
3
Let v = -9 + 15. What is the units digit of v?
6
Let g = 18 - 8. Suppose -w + g = w. What is the units digit of w?
5
Let f(h) = h**2 + h - 3. Let o be f(-3). Let j(b) = -8*b + 1. Let r(z) = 8*z - 1. Let g(i) = o*r(i) + 4*j(i). What is the units digit of g(-1)?
9
Suppose -2*m + 20 = 2*m. Suppose 3*a + 6 = -4*z, m = 2*a - z - 2. Let t = a - -1. What is the units digit of t?
3
Suppose -3*w + 2 + 12 = g, 4*g = 2*w. Suppose -l = -4, w*l - 49 + 3 = -3*t. Suppose -t = -5*j + 20. What is the units digit of j?
6
Let u(z) = -z**3 - 7*z**2 + 9*z + 5. Let o be u(-6). Let q = o + 120. What is the tens digit of q?
3
Suppose -3*d + 43 = 5*n, -d - 4*n = -0*d - 26. Suppose -d*r + 7*r - 270 = 0. What is the units digit of r/35 + (-2)/(-7)?
8
Let u(q) = -q**3 - q**2 + q. Let g be u(-2). Let w be 5/g*8/10. Suppose -1 = -m + w. What is the units digit of m?
3
Let i be (-6)/3 + 2 + 0. Let d = i + 5. What is the units digit of d?
5
What is the units digit of 12/8 + (-292)/(-8)?
8
Let b = 11 - -23. Let m = 51 - b. What is the units digit of m?
7
Let p be 4/(-6) + (-16)/(-6). Let g be (-12)/(-18)*(-15)/p. Let h(j) = -j**3 - 4*j**2 + 4*j + 2. What is the units digit of h(g)?
7
Suppose 4*q = -5*j + 485, j + 194 = 3*j + 5*q. What is the tens digit of j?
9
Suppose g - 4*l + 3*l - 7 = 0, -g - 3*l - 5 = 0. Suppose -g*f + 17 = -7. What is the units digit of f?
6
Let v = -179 + 380. What is the tens digit of v?
0
Suppose -p + 641 - 1530 = -3*m, -5*m + 3*p + 1479 = 0. What is the tens digit of m?
9
Suppose 0*q = -w + q + 7, 0 = -2*w + q + 9. Suppose -f - 4*d - 15 = 0, -w*f + 2 = 2*d + 8. What is the units digit of f?
1
Suppose -c - 127 = t, t = -3*c - 4*t - 383. Suppose -44 = 2*b - 2*p - 3*p, 0 = 5*b - 4*p + 110. What is the units digit of (-4)/b + c/(-33)?
4
Let p be -20*(-1 - (-9)/(-12)). Let f = p + 2. What is the units digit of f?
7
Let r be 3 + 3 + 2/(-2). Suppose 0 = 3*o - 4*o - r. Let l(c) = c**2 + 4*c + 4. What is the units digit of l(o)?
9
What is the units digit of 168/35 - (-1)/5?
5
Let x(j) = -j**3 + j**2. Let c(i) = -6*i**3 + 15*i**2 - 8*i - 11. Let w(d) = -c(d) + 5*x(d). What is the units digit of w(9)?
2
What is the tens digit of 33*-11*(-9)/27?
2
Suppose 2*f + 4*m + 24 = 0, 4*f = m + 2*m - 15. Let d(y) = y**2 + 5*y + 6. What is the units digit of d(f)?
2
Suppose p - 4 = -a + 13, 5*a - 85 = -2*p. What is the tens digit of a?
1
Suppose 0 = 2*u - 3*a - 28, 0 = u - 2*u + 3*a + 8. Let k = 11 - u. What is the units digit of (-57)/k - 2/(-3)?
7
Let b(u) be the third derivative of -5*u**4/24 - 5*u**3/6 + 4*u**2. Let g be b(-4). What is the tens digit of 273/g + (-3)/15?
1
Let j be (-2 - (-1)/(-1)) + 3. What is the tens digit of 2 + j - 5 - -14?
1
Let k(v) = -v**3 - 9*v**2 + 10*v - 4. Let h be k(-10). What is the units digit of (-2 - h)/(4/14)?
7
Let x be 3/3 - (0 - -1). Let p(b) = -3 - b**2 + x*b - 4 + 8*b. What is the units digit of p(5)?
8
Suppose -18 = l + 8*l. Let y(p) = p + 3*p + 1 - 2*p - 2*p**3. What is the tens digit of y(l)?
1
Suppose -3*v = 4*k - 216 - 268, -3*k - 6 = 0. What is the units digit of v?
4
Suppose -31 = -3*n - 5*v, 4 + 19 = -n + 5*v. Suppose 2*d - 4*d - n = 0, -13 = -3*t - 2*d. What is the units digit of t?
5
Let p(n) = -n**2 - 42*n - 108. What is the hundreds digit of p(-31)?
2
Let z = 13 - 7. Suppose -4*f = -z*f + 54. What is the tens digit of f?
2
Suppose 2*d + 4 = 4*i, 0 = -5*d - 5*i - 0 + 5. Suppose -2*t + t - 58 = -4*j, d = -3*j - 3*t + 36. What is the tens digit of j?
1
Let u(a) = -9 + a - 3*a**2 - 3*a + 3*a + 4*a**2. Let d be u(0). Let f(z) = -z**2 - 9*z + 11. What is the units digit of f(d)?
1
Let n(j) = j**3 - 4*j**2 - 5*j - 3. Let r be n(5). What is the units digit of (r - -5 - 4) + 11?
9
Let i be ((-1)